{"id":13091,"date":"2024-09-06T14:30:45","date_gmt":"2024-09-06T12:30:45","guid":{"rendered":"https:\/\/www.valaz.es\/?post_type=product&#038;p=13091"},"modified":"2026-01-13T12:06:42","modified_gmt":"2026-01-13T11:06:42","slug":"cano-redondo-de-26cm-oro-mate-con-proteccion-pvd-y-rosca-1-2","status":"publish","type":"product","link":"https:\/\/www.valaz.es\/fr\/produit\/cano-redondo-de-26cm-oro-mate-con-proteccion-pvd-y-rosca-1-2\/","title":{"rendered":"Ca\u00f1o redondo de 26CM oro mate con protecci\u00f3n PVD y rosca 1\/2"},"content":{"rendered":"<p class=\"\" data-start=\"69\" data-end=\"408\">Este ca\u00f1o redondo de 26 cm con acabado oro mate y protecci\u00f3n PVD ofrece una apariencia elegante y sofisticada, ideal para complementar grifer\u00edas modernas en ba\u00f1os de estilo contempor\u00e1neo. Su tratamiento con protecci\u00f3n PVD asegura una mayor durabilidad y resistencia al desgaste, manteniendo su brillo durante m\u00e1s tiempo.<\/p>\n<p class=\"\" data-start=\"410\" data-end=\"433\"><strong data-start=\"410\" data-end=\"431\">Especificaciones:<\/strong><\/p>\n<ul data-start=\"434\" data-end=\"674\">\n<li class=\"\" data-start=\"434\" data-end=\"461\">\n<p class=\"\" data-start=\"436\" data-end=\"461\"><strong data-start=\"436\" data-end=\"445\">Tipo:<\/strong> Ca\u00f1o redondo.<\/p>\n<\/li>\n<li class=\"\" data-start=\"462\" data-end=\"496\">\n<p class=\"\" data-start=\"464\" data-end=\"496\"><strong data-start=\"464\" data-end=\"475\">Medida:<\/strong> 26 cm de longitud.<\/p>\n<\/li>\n<li class=\"\" data-start=\"497\" data-end=\"542\">\n<p class=\"\" data-start=\"499\" data-end=\"542\"><strong data-start=\"499\" data-end=\"511\">Acabado:<\/strong> Oro mate con protecci\u00f3n PVD.<\/p>\n<\/li>\n<li class=\"\" data-start=\"543\" data-end=\"571\">\n<p class=\"\" data-start=\"545\" data-end=\"571\"><strong data-start=\"545\" data-end=\"558\">Conexi\u00f3n:<\/strong> Rosca 1\/2.<\/p>\n<\/li>\n<li class=\"\" data-start=\"572\" data-end=\"674\">\n<p class=\"\" data-start=\"574\" data-end=\"674\"><strong data-start=\"574\" data-end=\"587\">Material:<\/strong> Lat\u00f3n (habitualmente en ca\u00f1os de este tipo, aunque se puede confirmar si lo deseas).<\/p>\n<\/li>\n<\/ul>\n<p class=\"\" data-start=\"676\" data-end=\"770\">Perfecto para aquellos que buscan un toque de lujo y durabilidad en sus instalaciones de ba\u00f1o.<\/p>\n","protected":false},"excerpt":{"rendered":"<p>Este ca\u00f1o redondo de 26 cm con acabado oro mate  [&#8230;]<\/p>\n","protected":false},"featured_media":20353,"template":"","meta":[],"product_brand":[],"product_cat":[70],"product_tag":[],"serie":[],"manual-de-instalacion":[],"color":[350],"class_list":{"0":"post-13091","1":"product","2":"type-product","3":"status-publish","4":"has-post-thumbnail","6":"product_cat-accesorios","7":"color-oro-mate-cepillado","9":"first","10":"instock","11":"taxable","12":"shipping-taxable","13":"product-type-simple"},"_links":{"self":[{"href":"https:\/\/www.valaz.es\/fr\/wp-json\/wp\/v2\/product\/13091","targetHints":{"allow":["GET"]}}],"collection":[{"href":"https:\/\/www.valaz.es\/fr\/wp-json\/wp\/v2\/product"}],"about":[{"href":"https:\/\/www.valaz.es\/fr\/wp-json\/wp\/v2\/types\/product"}],"wp:featuredmedia":[{"embeddable":true,"href":"https:\/\/www.valaz.es\/fr\/wp-json\/wp\/v2\/media\/20353"}],"wp:attachment":[{"href":"https:\/\/www.valaz.es\/fr\/wp-json\/wp\/v2\/media?parent=13091"}],"wp:term":[{"taxonomy":"product_brand","embeddable":true,"href":"https:\/\/www.valaz.es\/fr\/wp-json\/wp\/v2\/product_brand?post=13091"},{"taxonomy":"product_cat","embeddable":true,"href":"https:\/\/www.valaz.es\/fr\/wp-json\/wp\/v2\/product_cat?post=13091"},{"taxonomy":"product_tag","embeddable":true,"href":"https:\/\/www.valaz.es\/fr\/wp-json\/wp\/v2\/product_tag?post=13091"},{"taxonomy":"serie","embeddable":true,"href":"https:\/\/www.valaz.es\/fr\/wp-json\/wp\/v2\/serie?post=13091"},{"taxonomy":"manual-de-instalacion","embeddable":true,"href":"https:\/\/www.valaz.es\/fr\/wp-json\/wp\/v2\/manual-de-instalacion?post=13091"},{"taxonomy":"color","embeddable":true,"href":"https:\/\/www.valaz.es\/fr\/wp-json\/wp\/v2\/color?post=13091"}],"curies":[{"name":"wp","href":"https:\/\/api.w.org\/{rel}","templated":true}]}}

Caño redondo de 26CM oro mate con protección PVD y rosca 1/2

<p class="" data-start="69" data-end="408">Este caño redondo de 26 cm con acabado oro mate y protección PVD ofrece una apariencia elegante y sofisticada, ideal para complementar griferías modernas en baños de estilo contemporáneo. Su tratamiento con protección PVD asegura una mayor durabilidad y resistencia al desgaste, manteniendo su brillo durante más tiempo.</p>
<p class="" data-start="410" data-end="433"><strong data-start="410" data-end="431">Especificaciones:</strong></p>
<ul data-start="434" data-end="674">
<li class="" data-start="434" data-end="461">
<p class="" data-start="436" data-end="461"><strong data-start="436" data-end="445">Tipo:</strong> Caño redondo.</p>
</li>
<li class="" data-start="462" data-end="496">
<p class="" data-start="464" data-end="496"><strong data-start="464" data-end="475">Medida:</strong> 26 cm de longitud.</p>
</li>
<li class="" data-start="497" data-end="542">
<p class="" data-start="499" data-end="542"><strong data-start="499" data-end="511">Acabado:</strong> Oro mate con protección PVD.</p>
</li>
<li class="" data-start="543" data-end="571">
<p class="" data-start="545" data-end="571"><strong data-start="545" data-end="558">Conexión:</strong> Rosca 1/2.</p>
</li>
<li class="" data-start="572" data-end="674">
<p class="" data-start="574" data-end="674"><strong data-start="574" data-end="587">Material:</strong> Latón (habitualmente en caños de este tipo, aunque se puede confirmar si lo deseas).</p>
</li>
</ul>
<p class="" data-start="676" data-end="770">Perfecto para aquellos que buscan un toque de lujo y durabilidad en sus instalaciones de baño.</p>

<p>Este caño redondo de 26 cm con acabado oro mate  [&#8230;]</p>
