{"id":13088,"date":"2024-09-06T14:25:47","date_gmt":"2024-09-06T12:25:47","guid":{"rendered":"https:\/\/www.valaz.es\/?post_type=product&#038;p=13088"},"modified":"2026-04-02T15:08:26","modified_gmt":"2026-04-02T13:08:26","slug":"cano-redondo-de-15cm-oro-mate-con-proteccion-pvd-y-rosca-1-12","status":"publish","type":"product","link":"https:\/\/www.valaz.es\/fr\/produit\/cano-redondo-de-15cm-oro-mate-con-proteccion-pvd-y-rosca-1-12\/","title":{"rendered":"Ca\u00f1o redondo de 15CM oro mate con protecci\u00f3n PVD y rosca 1\/12"},"content":{"rendered":"<p class=\"\" data-start=\"67\" data-end=\"432\">Este ca\u00f1o redondo de 15 cm con acabado oro mate y protecci\u00f3n PVD es una opci\u00f3n elegante y resistente para tu ba\u00f1o. Su acabado de oro mate no solo aporta un toque sofisticado, sino que la protecci\u00f3n PVD asegura mayor durabilidad, resistiendo el desgaste y las manchas. Es perfecto para quienes buscan una grifer\u00eda de alta est\u00e9tica y funcionalidad.<\/p>\n<p class=\"\" data-start=\"434\" data-end=\"457\"><strong data-start=\"434\" data-end=\"455\">Especificaciones:<\/strong><\/p>\n<ul data-start=\"458\" data-end=\"652\">\n<li class=\"\" data-start=\"458\" data-end=\"485\">\n<p class=\"\" data-start=\"460\" data-end=\"485\"><strong data-start=\"460\" data-end=\"469\">Tipo:<\/strong> Ca\u00f1o redondo.<\/p>\n<\/li>\n<li class=\"\" data-start=\"486\" data-end=\"520\">\n<p class=\"\" data-start=\"488\" data-end=\"520\"><strong data-start=\"488\" data-end=\"499\">Medida:<\/strong> 15 cm de longitud.<\/p>\n<\/li>\n<li class=\"\" data-start=\"521\" data-end=\"566\">\n<p class=\"\" data-start=\"523\" data-end=\"566\"><strong data-start=\"523\" data-end=\"535\">Acabado:<\/strong> Oro mate con protecci\u00f3n PVD.<\/p>\n<\/li>\n<li class=\"\" data-start=\"567\" data-end=\"595\">\n<p class=\"\" data-start=\"569\" data-end=\"595\"><strong data-start=\"569\" data-end=\"582\">Conexi\u00f3n:<\/strong> Rosca 1\/2.<\/p>\n<\/li>\n<li class=\"\" data-start=\"596\" data-end=\"652\">\n<p class=\"\" data-start=\"598\" data-end=\"652\"><strong data-start=\"598\" data-end=\"611\">Material:<\/strong> Lat\u00f3n (confirmar si es otro material).<\/p>\n<\/li>\n<\/ul>\n<p class=\"\" data-start=\"654\" data-end=\"828\">Este ca\u00f1o de 15 cm es ideal para instalar en cualquier espacio donde se busque un toque moderno y lujoso, a la vez que ofrece la resistencia necesaria para un uso prolongado.<\/p>\n","protected":false},"excerpt":{"rendered":"<p>Este ca\u00f1o redondo de 15 cm con acabado oro mate  [&#8230;]<\/p>\n","protected":false},"featured_media":20321,"template":"","meta":[],"product_brand":[],"product_cat":[70],"product_tag":[],"serie":[],"manual-de-instalacion":[],"color":[350],"class_list":{"0":"post-13088","1":"product","2":"type-product","3":"status-publish","4":"has-post-thumbnail","6":"product_cat-accesorios","7":"color-oro-mate-cepillado","9":"first","10":"outofstock","11":"taxable","12":"shipping-taxable","13":"product-type-simple"},"_links":{"self":[{"href":"https:\/\/www.valaz.es\/fr\/wp-json\/wp\/v2\/product\/13088","targetHints":{"allow":["GET"]}}],"collection":[{"href":"https:\/\/www.valaz.es\/fr\/wp-json\/wp\/v2\/product"}],"about":[{"href":"https:\/\/www.valaz.es\/fr\/wp-json\/wp\/v2\/types\/product"}],"wp:featuredmedia":[{"embeddable":true,"href":"https:\/\/www.valaz.es\/fr\/wp-json\/wp\/v2\/media\/20321"}],"wp:attachment":[{"href":"https:\/\/www.valaz.es\/fr\/wp-json\/wp\/v2\/media?parent=13088"}],"wp:term":[{"taxonomy":"product_brand","embeddable":true,"href":"https:\/\/www.valaz.es\/fr\/wp-json\/wp\/v2\/product_brand?post=13088"},{"taxonomy":"product_cat","embeddable":true,"href":"https:\/\/www.valaz.es\/fr\/wp-json\/wp\/v2\/product_cat?post=13088"},{"taxonomy":"product_tag","embeddable":true,"href":"https:\/\/www.valaz.es\/fr\/wp-json\/wp\/v2\/product_tag?post=13088"},{"taxonomy":"serie","embeddable":true,"href":"https:\/\/www.valaz.es\/fr\/wp-json\/wp\/v2\/serie?post=13088"},{"taxonomy":"manual-de-instalacion","embeddable":true,"href":"https:\/\/www.valaz.es\/fr\/wp-json\/wp\/v2\/manual-de-instalacion?post=13088"},{"taxonomy":"color","embeddable":true,"href":"https:\/\/www.valaz.es\/fr\/wp-json\/wp\/v2\/color?post=13088"}],"curies":[{"name":"wp","href":"https:\/\/api.w.org\/{rel}","templated":true}]}}

Caño redondo de 15CM oro mate con protección PVD y rosca 1/12

<p class="" data-start="67" data-end="432">Este caño redondo de 15 cm con acabado oro mate y protección PVD es una opción elegante y resistente para tu baño. Su acabado de oro mate no solo aporta un toque sofisticado, sino que la protección PVD asegura mayor durabilidad, resistiendo el desgaste y las manchas. Es perfecto para quienes buscan una grifería de alta estética y funcionalidad.</p>
<p class="" data-start="434" data-end="457"><strong data-start="434" data-end="455">Especificaciones:</strong></p>
<ul data-start="458" data-end="652">
<li class="" data-start="458" data-end="485">
<p class="" data-start="460" data-end="485"><strong data-start="460" data-end="469">Tipo:</strong> Caño redondo.</p>
</li>
<li class="" data-start="486" data-end="520">
<p class="" data-start="488" data-end="520"><strong data-start="488" data-end="499">Medida:</strong> 15 cm de longitud.</p>
</li>
<li class="" data-start="521" data-end="566">
<p class="" data-start="523" data-end="566"><strong data-start="523" data-end="535">Acabado:</strong> Oro mate con protección PVD.</p>
</li>
<li class="" data-start="567" data-end="595">
<p class="" data-start="569" data-end="595"><strong data-start="569" data-end="582">Conexión:</strong> Rosca 1/2.</p>
</li>
<li class="" data-start="596" data-end="652">
<p class="" data-start="598" data-end="652"><strong data-start="598" data-end="611">Material:</strong> Latón (confirmar si es otro material).</p>
</li>
</ul>
<p class="" data-start="654" data-end="828">Este caño de 15 cm es ideal para instalar en cualquier espacio donde se busque un toque moderno y lujoso, a la vez que ofrece la resistencia necesaria para un uso prolongado.</p>

<p>Este caño redondo de 15 cm con acabado oro mate  [&#8230;]</p>
