{"id":20394,"date":"2026-01-15T16:54:56","date_gmt":"2026-01-15T15:54:56","guid":{"rendered":"https:\/\/www.valaz.es\/?post_type=product&#038;p=20394"},"modified":"2026-01-19T10:14:01","modified_gmt":"2026-01-19T09:14:01","slug":"cano-redondo-de-21cm-blanco-con-proteccion-pvd-y-rosca-1-2","status":"publish","type":"product","link":"https:\/\/www.valaz.es\/en\/product\/cano-redondo-de-21cm-blanco-con-proteccion-pvd-y-rosca-1-2\/","title":{"rendered":"Ca\u00f1o redondo de 21CM blanco con protecci\u00f3n PVD y rosca 1\/2"},"content":{"rendered":"<p class=\"\" data-start=\"69\" data-end=\"417\">Este ca\u00f1o redondo de 21 cm con acabado blanco\u00a0 y protecci\u00f3n PVD es ideal para complementar cualquier grifer\u00eda moderna. Su acabado en blanco,proporciona una alta resistencia al desgaste y una apariencia de lujo duradera. Es perfecto para quienes buscan detalles de calidad y dise\u00f1o en su ba\u00f1o.<\/p>\n<p class=\"\" data-start=\"419\" data-end=\"442\"><strong data-start=\"419\" data-end=\"440\">Especificaciones:<\/strong><\/p>\n<ul data-start=\"443\" data-end=\"672\">\n<li class=\"\" data-start=\"443\" data-end=\"470\">\n<p class=\"\" data-start=\"445\" data-end=\"470\"><strong data-start=\"445\" data-end=\"454\">Tipo:<\/strong> Ca\u00f1o redondo.<\/p>\n<\/li>\n<li class=\"\" data-start=\"471\" data-end=\"505\">\n<p class=\"\" data-start=\"473\" data-end=\"505\"><strong data-start=\"473\" data-end=\"484\">Medida:<\/strong> 21 cm de longitud.<\/p>\n<\/li>\n<li class=\"\" data-start=\"506\" data-end=\"551\">\n<p class=\"\" data-start=\"508\" data-end=\"551\"><strong data-start=\"508\" data-end=\"520\">Acabado:<\/strong> Blanco.<\/p>\n<\/li>\n<li class=\"\" data-start=\"552\" data-end=\"580\">\n<p class=\"\" data-start=\"554\" data-end=\"580\"><strong data-start=\"554\" data-end=\"567\">Conexi\u00f3n:<\/strong> Rosca 1\/2.<\/p>\n<\/li>\n<li class=\"\" data-start=\"581\" data-end=\"672\">\n<p class=\"\" data-start=\"583\" data-end=\"672\"><strong data-start=\"583\" data-end=\"596\">Material:<\/strong> Lat\u00f3n (confirmar si se utiliza otro material espec\u00edfico si lo prefieres).<\/p>\n<\/li>\n<\/ul>\n<p class=\"\" data-start=\"674\" data-end=\"823\">Este ca\u00f1o es ideal para aquellos que desean a\u00f1adir un toque elegante y sofisticado a su espacio de ba\u00f1o sin comprometer la durabilidad y resistencia.<\/p>\n","protected":false},"excerpt":{"rendered":"<p>Este ca\u00f1o redondo de 21 cm con acabado blanco\u00a0 y  [&#8230;]<\/p>\n","protected":false},"featured_media":20395,"template":"","meta":[],"product_brand":[],"product_cat":[70],"product_tag":[],"serie":[],"manual-de-instalacion":[],"color":[64],"class_list":{"0":"post-20394","1":"product","2":"type-product","3":"status-publish","4":"has-post-thumbnail","6":"product_cat-accesorios","7":"color-blanco","9":"first","10":"instock","11":"taxable","12":"shipping-taxable","13":"product-type-simple"},"_links":{"self":[{"href":"https:\/\/www.valaz.es\/en\/wp-json\/wp\/v2\/product\/20394","targetHints":{"allow":["GET"]}}],"collection":[{"href":"https:\/\/www.valaz.es\/en\/wp-json\/wp\/v2\/product"}],"about":[{"href":"https:\/\/www.valaz.es\/en\/wp-json\/wp\/v2\/types\/product"}],"wp:featuredmedia":[{"embeddable":true,"href":"https:\/\/www.valaz.es\/en\/wp-json\/wp\/v2\/media\/20395"}],"wp:attachment":[{"href":"https:\/\/www.valaz.es\/en\/wp-json\/wp\/v2\/media?parent=20394"}],"wp:term":[{"taxonomy":"product_brand","embeddable":true,"href":"https:\/\/www.valaz.es\/en\/wp-json\/wp\/v2\/product_brand?post=20394"},{"taxonomy":"product_cat","embeddable":true,"href":"https:\/\/www.valaz.es\/en\/wp-json\/wp\/v2\/product_cat?post=20394"},{"taxonomy":"product_tag","embeddable":true,"href":"https:\/\/www.valaz.es\/en\/wp-json\/wp\/v2\/product_tag?post=20394"},{"taxonomy":"serie","embeddable":true,"href":"https:\/\/www.valaz.es\/en\/wp-json\/wp\/v2\/serie?post=20394"},{"taxonomy":"manual-de-instalacion","embeddable":true,"href":"https:\/\/www.valaz.es\/en\/wp-json\/wp\/v2\/manual-de-instalacion?post=20394"},{"taxonomy":"color","embeddable":true,"href":"https:\/\/www.valaz.es\/en\/wp-json\/wp\/v2\/color?post=20394"}],"curies":[{"name":"wp","href":"https:\/\/api.w.org\/{rel}","templated":true}]}}

Caño redondo de 21CM blanco con protección PVD y rosca 1/2

<p class="" data-start="69" data-end="417">Este caño redondo de 21 cm con acabado blanco  y protección PVD es ideal para complementar cualquier grifería moderna. Su acabado en blanco,proporciona una alta resistencia al desgaste y una apariencia de lujo duradera. Es perfecto para quienes buscan detalles de calidad y diseño en su baño.</p>
<p class="" data-start="419" data-end="442"><strong data-start="419" data-end="440">Especificaciones:</strong></p>
<ul data-start="443" data-end="672">
<li class="" data-start="443" data-end="470">
<p class="" data-start="445" data-end="470"><strong data-start="445" data-end="454">Tipo:</strong> Caño redondo.</p>
</li>
<li class="" data-start="471" data-end="505">
<p class="" data-start="473" data-end="505"><strong data-start="473" data-end="484">Medida:</strong> 21 cm de longitud.</p>
</li>
<li class="" data-start="506" data-end="551">
<p class="" data-start="508" data-end="551"><strong data-start="508" data-end="520">Acabado:</strong> Blanco.</p>
</li>
<li class="" data-start="552" data-end="580">
<p class="" data-start="554" data-end="580"><strong data-start="554" data-end="567">Conexión:</strong> Rosca 1/2.</p>
</li>
<li class="" data-start="581" data-end="672">
<p class="" data-start="583" data-end="672"><strong data-start="583" data-end="596">Material:</strong> Latón (confirmar si se utiliza otro material específico si lo prefieres).</p>
</li>
</ul>
<p class="" data-start="674" data-end="823">Este caño es ideal para aquellos que desean añadir un toque elegante y sofisticado a su espacio de baño sin comprometer la durabilidad y resistencia.</p>

<p>Este caño redondo de 21 cm con acabado blanco  y  [&#8230;]</p>
